e
Suppose 8*l - 140 + 44 = 0. Let j = -3 + l. Is j composite?
True
Let r = -9 - -12. Suppose 943 = b - 0*b - r*a, 1894 = 2*b - 4*a. Is b prime?
False
Let w be 22/8 + 18/(-24). Suppose -w*m - r = -6*r - 417, -3*r + 965 = 5*m. Suppose -5*k + k + m = 0. Is k composite?
True
Let y(o) = -o**3 + 8*o**2 - 7*o + 7. Suppose 5*h - 34 = -4. Is y(h) a composite number?
False
Let a be 1 - (8/(-2))/1. Suppose -a*c + 0*c + u + 2420 = 0, c - 5*u - 460 = 0. Is c a composite number?
True
Let h(l) = 76*l**2 + 14*l - 4. Let n be h(-6). Suppose n = -2*z + 6*z. Is z composite?
True
Is ((-7348)/(-16))/(2/8) prime?
False
Is 1 + ((-37569)/(-6) - (-12)/(-8)) composite?
True
Let p = 12 + -2. Suppose 4*w - 2 = -6, -4*w - p = -3*b. Suppose -b*g + 2075 = 3*g. Is g a composite number?
True
Let l(d) be the third derivative of d**6/60 - d**5/60 - d**4/6 + 2*d**3/3 + 13*d**2. Is l(5) a composite number?
True
Suppose j - f = 2 + 3, 4*j + 4*f = 4. Suppose -15*s = -148 + 118. Suppose 141 = v + s*u, 231 = v - j*u + 80. Is v composite?
True
Let a = -145 - -293. Suppose 0 = l + 3*l - a. Is l a prime number?
True
Suppose 3*y - 13125 = 11544. Is y composite?
True
Suppose 0 = 5*l, -1398 = -2*x - 0*x - 3*l. Let s = x + -476. Is s a composite number?
False
Let h(f) = 3164*f**2 + 2*f + 1. Suppose 4*d - 11*d - 7 = 0. Is h(d) composite?
False
Suppose -y = -c + 1475 - 401, 0 = -c + 2*y + 1072. Suppose 2*q + c = 4*q. Is q a composite number?
True
Suppose -18*b + 8222 = -16*b. Is b a prime number?
True
Let n(q) = q**2 + 293. Suppose -8 + 8 = 2*f. Is n(f) a prime number?
True
Let u be 1/(-2)*(-2 + -4). Let d(k) = -13*k - 10. Let h(i) = 27*i + 19. Let z(n) = u*h(n) + 5*d(n). Is z(7) composite?
True
Suppose -9*w - 63871 = -32*w. Is w prime?
True
Suppose 0 = 4*m + m - 40. Let g(j) = 1 + j**3 - 5*j**2 - 2*j + 4*j + 0 + 5. Is g(m) prime?
False
Let q = 887 - 576. Suppose q + 25 = u. Suppose 4*b - u = 316. Is b a prime number?
True
Let u(h) be the first derivative of -31*h**2/2 - 35*h - 20. Is u(-19) a prime number?
False
Is (-12)/(-32) - 3/(24/(-43637)) a composite number?
True
Let j = 2328 - -2609. Is j prime?
True
Suppose -4*y = 12 - 4. Let z(w) = -46*w**2 + 2*w - 1. Let t be z(y). Let i = t - -368. Is i composite?
False
Let r be ((-10)/6)/((-2)/6). Let u = 60 - 57. Suppose -r*j - u*p = -1930, -2*j + 3*p + 1182 = j. Is j composite?
False
Is 2*12313*8/16 a composite number?
True
Let n be 24/11 + ((-4)/22 - 0). Suppose -4*l + 2*a = -6074, 0*l - n*a = -2*l + 3040. Is l prime?
False
Suppose 2*r = -r - 6. Let n be 5/r*(-24)/20. Suppose 3*u + 340 = 3*s + 1171, 0 = n*s + 9. Is u a composite number?
True
Let j(w) = w**3 - 8*w**2 + 8*w - 3. Let g be j(7). Let k = 138 + -133. Suppose -5*y - 894 = -g*f, 0 = -k*f - 4*y + 439 + 658. Is f composite?
True
Let o be 10*((-10)/4)/(-5). Suppose 0 = -o*u + 1882 + 603. Is u a composite number?
True
Let f = 226 + 1597. Suppose -f = -14*t + 13*t. Is t prime?
True
Is 1 + 892 - (-1 + -5) prime?
False
Let m(u) = -31*u**2 - 4*u - 5. Let h(c) = -c. Let l(n) = -h(n) - m(n). Is l(-9) a prime number?
False
Let s = -1563 - -2212. Is s a prime number?
False
Suppose 0 = -9*r + 8084 + 58975. Is r prime?
True
Suppose -3*l - 1628 = -d - 36842, 5*d = -4*l + 46971. Let u be ((-210)/25)/((-2)/(100/15)). Is 1/(-4) + l/u a prime number?
True
Let k = -1 + 3. Suppose 2 = k*a - a. Suppose 4*f - 495 = -a*l + 547, -2*f - 5*l + 501 = 0. Is f composite?
False
Let i(c) = -c**3 + 9*c**2 + 5. Let d be i(9). Suppose -1265 = -0*g - d*g. Is g composite?
True
Let h(q) = -3533*q - 13. Is h(-4) a prime number?
False
Let a(s) = 426*s**2 - 13*s - 21. Is a(-5) a composite number?
True
Suppose -1352 = -u - w, -5*u = 3*w - 3221 - 3549. Is u prime?
False
Let c(o) = -1224*o + 11. Is c(-5) a composite number?
False
Let g(j) = j**3 + 16*j**2 - 7*j - 1. Let q(l) = -l**3 - 17*l**2 + 6*l + 2. Let w(o) = -4*g(o) - 3*q(o). Let r be w(-8). Is (r/(-6))/(1 - 0) a composite number?
False
Let r(t) = 161*t**2 + 23*t - 183. Is r(7) composite?
False
Let i(b) = 2*b**3 - 19*b**2 + 23*b - 5. Is i(17) a composite number?
False
Let x(v) = -v**2 + 4*v + 12. Let q(l) = 4*l + 12. Let z(a) = 5*q(a) - 4*x(a). Let n be z(-6). Is (n + 1)/(3 + -2) composite?
True
Let h(f) be the first derivative of -f**2/2 + 3*f + 6. Let k be h(0). Suppose -2*u = -k*s + 473, 5*u = -2*s - 3*s + 830. Is s composite?
True
Suppose -z + 256 = -5*n, 5*z + n = -n + 1253. Is z prime?
True
Let h(n) be the second derivative of 19*n**4/6 - n**3 - 9*n**2/2 + 5*n. Is h(-4) composite?
True
Let r(v) = 3*v**3 + 18*v**2 + 29. Let g(k) = 7*k**3 + 36*k**2 - k + 59. Let x(f) = -4*g(f) + 9*r(f). Is x(17) a prime number?
False
Suppose -49*p + 85683 = -40786. Is p a composite number?
True
Let h(q) = q**2 - 11*q + 5. Let g be h(11). Suppose -m - 84 = 2*k - 6*k, 4*k - g*m - 100 = 0. Is 339/15 - (-8)/k composite?
False
Is (-298320)/(-64) + 8/(-32) a composite number?
True
Let m be (1 + -3 - 3) + 3. Let d = -581 - -1838. Let x = m + d. Is x composite?
True
Let g(w) = 4*w**3 + w**2 + 6*w - 7. Let f = -8 - -16. Is g(f) a prime number?
True
Suppose 2*d + 7 = -17. Let t be 9/d - 321/4. Let a = t - -170. Is a a prime number?
True
Let f = 95281 + -52328. Is f a prime number?
True
Is 494 + (2 - (-6 - -3)) prime?
True
Suppose -1728 = -3*s + 3*z + 2367, 0 = 3*z + 12. Is s prime?
True
Let w(s) = -s**2 - 14*s + 11. Let d be w(-15). Is (218/2)/(-3 - d) a prime number?
True
Suppose 0 = l - 6*l + 2*m + 61159, 2*m = -5*l + 61171. Is l prime?
False
Suppose -3*h + 233721 = 3*x, 2*h = -60*x + 61*x - 77919. Is x a composite number?
True
Is -24*(-25)/(-100) - (0 - 25373) a composite number?
False
Let o be -2 + 10 - 4/2. Suppose 4650 + 7296 = o*p. Is p a composite number?
True
Let k be ((-4)/10)/(1/(-10)). Is 3740/6 - k/12 prime?
False
Let w be (-17*(4 + -3))/((-4)/144). Suppose 8*b - 676 = w. Is b a composite number?
True
Let k = 10357 + -5070. Is k a prime number?
False
Is (27/18)/(9/762) a prime number?
True
Suppose 5*u - 344 = -2*i, 3*u + 3*i - 225 = 8*i. Suppose m - k + u = 4*m, -62 = -3*m + k. Suppose 0 = -q + 29 + m. Is q a composite number?
True
Suppose 5*r - 2*r = -5*l + 1795, -3*r = 15. Let j = -141 + l. Is j a composite number?
True
Suppose 4*z = -1169 - 235. Suppose 5*j + 2317 + 2622 = -3*g, -3935 = 4*j - 3*g. Let s = z - j. Is s a composite number?
True
Let n = 272 + -147. Let w = n + 140. Is w a prime number?
False
Let h(r) = r + 1. Let c(z) = -11*z**2 + 9*z + 7. Let o(v) = -c(v) - 2*h(v). Is o(-4) a prime number?
True
Suppose 0 = -3*m - 4*s + 212, -4*m - 2*s = -0*m - 286. Let z(g) = g + m*g**2 - 4 - 6*g + g + 5*g. Is z(-3) composite?
False
Let k(r) = -749*r**3 + r**2 + r + 1. Let p be k(-1). Suppose -4*m = -5*n + 1922, 2*m + 784 + p = 4*n. Is 2/4*n/1 composite?
False
Suppose -x - 4*x + 40 = 0. Suppose x*b - 12*b + 11776 = 0. Suppose -4 = -4*z, 5*z + b = -v + 4*v. Is v a composite number?
False
Let v = 685 - 396. Is 6/2 + (v - -1)/1 composite?
False
Suppose 3*g + i + 8 + 4 = 0, -i = -3. Is 0*(g/10)/(-1) - -265 composite?
True
Let p(y) = -2160*y**3 - 8*y**2 - 13*y - 1. Is p(-2) a composite number?
True
Suppose 2*q - 11 + 3 = 0. Suppose -2*g + q = -4. Suppose -3*t - 3 = 0, -3*t + 436 + 845 = g*a. Is a a prime number?
False
Suppose -2*l = 5*w - 4800, 3*l - 2*w - 7181 = -0*l. Let x = -1526 + l. Is x prime?
False
Let r(w) = w**3 + 24*w**2 + 11*w + 17. Let x(s) = -s**2 + 1. Let b(f) = r(f) - 4*x(f). Let d be b(-13). Suppose 0 = 5*m + 640 - d. Is m a prime number?
True
Let h = 223768 + -155768. Is 4/28 + h/35 composite?
True
Suppose 4*x = 2*y + 5*x - 1157, -2*y + 2*x = -1172. Is y a composite number?
True
Let l be -2 + (-2)/(-3 - -4). Is (-1)/l - 3045/(-12) prime?
False
Let q(m) = 61*m + 33. Let z be q(17). Suppose -6*x = -11*x + z. Is x composite?
True
Suppose -5*p - 5*j + 920 = -0*p, 0 = 2*j + 4. Let x = 131 - p. Let u = 134 + x. Is u prime?
True
Let d be 459 + (12/3)/(-1). Suppose 7*r - 434 - d = 0. Suppose 2*l - l - r = -4*t, 0 = -4*l - 3*t + 560. Is l composite?
True
Let j = 93 + -96. Let o(b) = 99*b**2 + 4*b + 10. Is o(j) prime?
False
Suppose -4*t - 2*i = -1634, i = 2*t + t - 1223. Suppose t = -g + 3*g + 5*j, -203 = -g - 2*j. Let h = 341 - g. Is h a composite number?
True
Suppose -731*n = -711*n - 466420. Is n a composite number?
False
Let m(i) = -2*i - 3. Let p be m(-3). Suppose -p*h 